base 2) to base 13.
3ac774b
-10011010001011101 (base 2) to base 5
-10011231
Convert -3300301230 (base 4) to base 8.
-3606154
-545653 (base 8) to base 3
-100022022121
727506 (base 10) to base 11
45764a
Convert 835684 (base 12) to base 15.
2ab17d
Convert 505440502 (base 6) to base 8.
41041266
What is 112220200102 (base 3) in base 5?
33343210
Convert 31694 (base 13) to base 6.
1524035
What is 13444440 (base 5) in base 8?
422514
What is -1716680 (base 10) in base 14?
-329880
444224 (base 5) to base 16
3ccc
Convert -110001002110011 (base 3) to base 6.
-345051521
What is 24630 (base 10) in base 9?
36706
52614 (base 7) to base 11
9845
Convert -647273 (base 8) to base 14.
-58dd1
What is 82aed3 (base 15) in base 5?
3042311343
-20401433 (base 5) to base 7
-1302456
Convert 10011000011100011 (base 2) to base 10.
78051
1111100100111111000 (base 2) to base 15
a13a6
Convert -770543 (base 8) to base 16.
-3f163
-263125000 (base 7) to base 10
-16847131
What is -91a182 (base 11) in base 16?
-168bf5
5111728 (base 10) to base 13
109c8bb
27142430 (base 8) to base 3
102102212212121
Convert -12233255 (base 7) to base 14.
-209265
Convert -12420236 (base 9) to base 7.
-102544512
What is 1100101111010000111101 (base 2) in base 16?
32f43d
Convert 56210551 (base 8) to base 3.
211211012100001
What is 16858 (base 9) in base 7?
45632
What is -816c (base 14) in base 5?
-1202434
5161148 (base 9) to base 11
1612a86
-20c916 (base 13) to base 7
-6356220
Convert -cee5e (base 16) to base 11.
-529783
What is 67a1 (base 12) in base 15?
3617
-4d6900 (base 15) to base 3
-20222220000000
What is -407b09 (base 13) in base 10?
-1502419
45a4d0 (base 16) to base 12
1641380
102546b (base 14) to base 13
176aa63
Convert -153422212 (base 6) to base 10.
-3253472
-20b347 (base 13) to base 11
-484553
What is 10000001100110110001 (base 2) in base 9?
888180
3650133 (base 7) to base 6
13552443
-1115002 (base 6) to base 8
-156752
9b7562 (base 13) to base 2
1110000000100000110000
What is 6362643 (base 7) in base 3?
1110012121200
345863 (base 10) to base 12
14819b
Convert -11100010100100011111 (base 2) to base 14.
-1a22bd
What is -1e907f (base 16) in base 4?
-13221001333
Convert -111101011111011001 (base 2) to base 8.
-753731
What is ab7bc (base 16) in base 6?
23015500
What is 102204500 (base 6) in base 13?
4a86b9
What is -2696213 (base 11) in base 8?
-21570737
Convert 1320310112 (base 4) to base 16.
78d16
What is 6077236 (base 8) in base 12?
654b92
Convert -1344a6 (base 11) to base 4.
-303133102
What is 89737 (base 11) in base 7?
1050664
Convert -b58b7 (base 13) to base 16.
-4fc02
What is 211a20a (base 12) in base 16?
5f81aa
Convert -1ac8aa (base 13) to base 2.
-10100111001011010111
-6562021 (base 10) to base 14
-c2b59b
Convert -119337 (base 11) to base 4.
-231322222
What is 14476626 (base 10) in base 13?
2ccb368
Convert -571094 (base 10) to base 7.
-4565666
Convert -222112000111 (base 3) to base 4.
-1333123321
-303010211303 (base 4) to base 12
-459792b
What is 1122314130 (base 5) in base 11?
1486759
What is 219842 (base 10) in base 16?
35ac2
213341554 (base 6) to base 10
3808078
Convert -5ad74d (base 14) to base 9.
-5760582
-601147 (base 10) to base 8
-2226073
5a279 (base 12) to base 14
32313
What is -5133630 (base 7) in base 6?
-21052423
Convert 266523 (base 8) to base 3.
11202021211
-3551114 (base 6) to base 15
-39eca
What is 404068 (base 10) in base 2?
1100010101001100100
2428555 (base 13) to base 5
10332330103
12190 (base 10) to base 12
707a
Convert 10b9a (base 13) to base 14.
b1bd
231ac5 (base 13) to base 7
10034403
What is 26b0c (base 15) in base 14?
33283
What is -55b08 (base 12) in base 10?
-113912
What is 1d6242 (base 15) in base 11?
8a2651
What is 1100001100011100001100 (base 2) in base 10?
3196684
d3671 (base 14) to base 13
14a844
Convert -40a05c (base 13) to base 12.
-608297
1004bb7 (base 13) to base 3
100002202221121
What is 1304873 (base 9) in base 11?
447111
-261333 (base 7) to base 10
-48534
What is c504c (base 14) in base 4?
1303322130
Convert -7113451 (base 8) to base 9.
-3465214
21100011202 (base 3) to base 14
3a914
What is -6430235 (base 7) in base 11?
-4933aa
What is -10132311130 (base 4) in base 5?
-300044001
What is 2722513 (base 8) in base 14?
15c1d1
Convert -123100011 (base 4) to base 16.
-1b405
12014252 (base 6) to base 4
1123223120
-878523 (base 9) to base 12
-2136a9
What is -313648 (base 11) in base 4?
-1322230211
What is -10001001001101110 (base 2) in base 8?
-211156
-204243 (base 8) to base 12
-33257
Convert 147586 (base 9) to base 14.
25195
110077 (base 8) to base 12
19453
-11001000011100001 (base 2) to base 15
-2061a
-231929 (base 11) to base 14
-983da
Convert 13323403 (base 5) to base 2.
100001001110100111
167307 (base 11) to base 13
90911
255636 (base 9) to base 7
1214043
2e85b (base 16) to base 8
564133
64985 (base 15) to base 9
536118
What is 2314302211 (base 5) in base 4?
103330132033
-10323626 (base 7) to base 13
-24a799
-251d4c (base 14) to base 3
-2101200100102
What is -12210021221120 (base 3) in base 4?
-23233003311
Convert -5246323 (base 7) to base 5.
-130234220
-244545223 (base 6) to base 14
-8a8abd
Convert -184d08d (base 14) to base 12.
-4038b31
What is 151035a (base 11) in base 8?
11706215
What is 421331 (base 9) in base 2?
111101000111001110
Convert 557574 (base 9) to base 13.
b8b16
Convert 11130064 (base 8) to base 14.
468352
Convert -22532313 (base 6) to base 13.
-1b5040
Convert b042a (base 16) to base 14.
14b16a
-3321430432 (base 5) to base 13
-16592a4
-2364164 (base 7) to base 4
-1021220120
Convert -54553522 (base 6) to base 10.
-1632506
331624 (base 7) to base 9
87844
12124426 (base 7) to base 12
44221a
What is 148007 (base 9) in base 7?
526456
What is -2a21bc (base 14) in base 6?
-51225242
What is -11a025 (base 12) in base 5?
-33140002
What is -250932 (base 10) in base 7?
-2063403
3aa283 (base 11) to base 7
5316144
What is -10010101100100100 (base 2) in base 8?
-225444
What is 3c6c0 (base 13) in base 16?
1ba41
-102000210100102 (base 3) to base 6
-325344102
-13ba9 (base 13) to base 3
-1212221221
What is 16960 (base 14) in base 6?
1114344
Convert 121453001 (base 7) to base 5.
3422003144
-1249e2 (base 15) to base 6
-30441122
What is -d144 (base 14) in base 13?
-13479
Convert -2054035 (base 6) to base 13.
-36a97
25354514 (base 6) to base 14
176422
What is -2213202223 (base 4) in base 6?
-22413031
31216 (base 11) to base 7
246456
What is 33225040 (base 6) in base 14?
1c010c
What is 14234243 (base 5) in base 2?
100100011101001011
What is -715745 (base 12) in base 8?
-6605345
What is 2bcb5 (base 14) in base 8?
325727
-278f5 (base 16) to base 10
-162037
Convert -332004340 (base 5) to base 12.
-594293
Convert 48494 (base 10) to base 3.
2110112002
What is 344114 (base 6) in base 4?
13023232
What is -4a77307 (base 11) in base 12?
-2b49914
What is 101315121 (base 6) in base 9?
3260284
Convert 5381093 (base 10) to base 4.
110201233211
What is 8a01b (base 15) in base 2?
1101011000111111000
What is 931554 (base 10) in base 8?
3433342
-744223 (base 8) to base 5
-30413310
1a6606 (base 12) to base 9
782166
Convert -141205 (base 8) to base 15.
-eb4c
What is -36306226 (base 7) in base 3?
-20002001112001
Convert -16bd1d (base 15) to base 5.
-240300303
Convert 1312127 (base 9) to base 3.
1100102010221
Convert 5536 (base 13) to base 4.
2321203
202846 (base 11) to base 4
1033202112
Convert 7023521 (base 8) to base 12.
74b901
Convert -519811 (base 10) to base 4.
-1332322003
Convert -c23a93 (base 14) to base 13.
-1480350
1110000101100011100011 (base 2) to base 9
6847468
Convert 1b6a04 (base 12) to base 14.
ca180
What is 576032 (base 8) in base 4?
233300122
Convert -155351 (base 8) to base 14.
-165cd
What is -1715617 (base 8) in base 3?
-221022220202
What is 32314112 (base 5) in base 12?
113991
What is -31331320200 (base 4) in base 16?
-37de20
Convert 221511243 (base 7) to base 10.
13381245
What is 223732 (base 13) in base 2?
11000101001001100011
2203431 (base 7) to base 5
32121114
211003011 (base 4) to base 2
100101000011000101
Convert -15135101 (base 6) to base 13.
-155554
Convert -114341342 (base 5) to base 13.
-16040c
What is 559a39 (base 14) in base 4?
23011330003
-2d8da4 (base 16) to base 9
-5550148
-1202000020012 (base 3) to base 9
-1660205
What is -9adacc (base 15)